{"id":348,"date":"2019-02-18T16:44:39","date_gmt":"2019-02-18T16:44:39","guid":{"rendered":"https:\/\/hotelcoral.al\/index.php\/home\/"},"modified":"2020-05-19T17:24:09","modified_gmt":"2020-05-19T17:24:09","slug":"home","status":"publish","type":"page","link":"https:\/\/hotelcoral.al\/index.php\/home\/?lang=sq","title":{"rendered":"HOME"},"content":{"rendered":"<div class=\"wpb-content-wrapper\"><p>[vc_row bg_type=&#8221;bg_color&#8221; bg_override=&#8221;ex-full&#8221; bg_color_value=&#8221;#f2f7fa&#8221; css=&#8221;.vc_custom_1550653785581{margin-top: -70px !important;}&#8221;][vc_column width=&#8221;1\/2&#8243; offset=&#8221;vc_hidden-sm vc_hidden-xs&#8221;][vc_empty_space][vc_single_image image=&#8221;251&#8243; img_size=&#8221;500X350&#8243; alignment=&#8221;center&#8221; image_hovers=&#8221;false&#8221;][\/vc_column][vc_column width=&#8221;1\/2&#8243; offset=&#8221;vc_hidden-sm vc_hidden-xs&#8221;][vc_empty_space][vc_custom_heading text=&#8221;HOTEL CORAL N\u00cb VLOR\u00cb&#8221; font_container=&#8221;tag:h2|font_size:11|text_align:left&#8221; google_fonts=&#8221;font_family:Vollkorn%3Aregular%2Citalic%2C700%2C700italic|font_style:700%20bold%20regular%3A700%3Anormal&#8221;][vc_row_inner][vc_column_inner width=&#8221;1\/2&#8243;][vc_custom_heading text=&#8221;Tradit\u00eb&#8221; font_container=&#8221;tag:h1|text_align:left&#8221; google_fonts=&#8221;font_family:Vollkorn%3Aregular%2Citalic%2C700%2C700italic|font_style:400%20regular%3A400%3Anormal&#8221;][\/vc_column_inner][vc_column_inner width=&#8221;1\/2&#8243; css=&#8221;.vc_custom_1550654857097{margin-left: -40px !important;}&#8221;][vc_custom_heading text=&#8221;&amp; Komfort&#8221; font_container=&#8221;tag:h1|font_size:65|text_align:left&#8221; google_fonts=&#8221;font_family:Alex%20Brush%3Aregular|font_style:400%20regular%3A400%3Anormal&#8221; css=&#8221;.vc_custom_1551111886116{margin-left: -70px !important;}&#8221;][\/vc_column_inner][\/vc_row_inner][vc_custom_heading text=&#8221;N\u00eb Nj\u00eb Vend&#8221; font_container=&#8221;tag:h1|text_align:left&#8221; google_fonts=&#8221;font_family:Vollkorn%3Aregular%2Citalic%2C700%2C700italic|font_style:400%20regular%3A400%3Anormal&#8221; css=&#8221;.vc_custom_1551111893079{margin-top: -80px !important;}&#8221;][vc_column_text css=&#8221;.vc_custom_1551111926957{padding-right: 60px !important;}&#8221;]<\/p>\n<p style=\"font-family: 'Vollkorn', serif; text-align: justify;\"><span style=\"color: #2d2d2d;\">Vendosur n\u00eb nj\u00eb plazh privat me guralec\u00eb me pamje nga deti Adriatik, ky hotel ndodhet 9 km nga Muzeu Komb\u00ebtar i Pavar\u00ebsis\u00eb dhe 10 km nga stacioni i trenit Vlor\u00eb. <\/span><\/p>\n<p>[\/vc_column_text][vc_btn title=&#8221;REZERVO TANI&#8221; style=&#8221;custom&#8221; custom_background=&#8221;#233065&#8243; custom_text=&#8221;#ffffff&#8221; shape=&#8221;square&#8221; align=&#8221;left&#8221; css=&#8221;.vc_custom_1551111935724{margin-top: -20px !important;}&#8221; link=&#8221;url:https%3A%2F%2Fhotelcoral.al%2Findex.php%2Fcontact%2F|||&#8221;][vc_empty_space][\/vc_column][\/vc_row][vc_row bg_type=&#8221;bg_color&#8221; bg_override=&#8221;ex-full&#8221; bg_color_value=&#8221;#f2f7fa&#8221;][vc_column width=&#8221;1\/2&#8243; offset=&#8221;vc_hidden-lg vc_hidden-md&#8221;][vc_single_image image=&#8221;251&#8243; img_size=&#8221;500X350&#8243; alignment=&#8221;center&#8221; image_hovers=&#8221;false&#8221;][\/vc_column][vc_column width=&#8221;1\/2&#8243; offset=&#8221;vc_hidden-lg vc_hidden-md&#8221;][vc_custom_heading text=&#8221;HOTEL CORAL N\u00cb VLOR\u00cb&#8221; font_container=&#8221;tag:h2|font_size:11|text_align:center&#8221; google_fonts=&#8221;font_family:Vollkorn%3Aregular%2Citalic%2C700%2C700italic|font_style:700%20bold%20regular%3A700%3Anormal&#8221; css=&#8221;.vc_custom_1551111962438{margin-top: -40px !important;}&#8221;][vc_custom_heading text=&#8221;Tradita&#8221; font_container=&#8221;tag:h1|text_align:center&#8221; google_fonts=&#8221;font_family:Vollkorn%3Aregular%2Citalic%2C700%2C700italic|font_style:400%20regular%3A400%3Anormal&#8221;][vc_custom_heading text=&#8221;&amp; Komforti&#8221; font_container=&#8221;tag:h2|font_size:45|text_align:center&#8221; google_fonts=&#8221;font_family:Alex%20Brush%3Aregular|font_style:400%20regular%3A400%3Anormal&#8221;][vc_custom_heading text=&#8221;N\u00eb Nj\u00eb Vend&#8221; font_container=&#8221;tag:h1|text_align:center&#8221; google_fonts=&#8221;font_family:Vollkorn%3Aregular%2Citalic%2C700%2C700italic|font_style:400%20regular%3A400%3Anormal&#8221;][vc_column_text]<\/p>\n<p style=\"font-family: 'Vollkorn', serif; text-align: justify;\"><span style=\"color: #2d2d2d;\">Vendosur n\u00eb nj\u00eb plazh privat me guralec\u00eb me pamje nga deti Adriatik, ky hotel ndodhet 9 km nga Muzeu Komb\u00ebtar i Pavar\u00ebsis\u00eb dhe 10 km nga stacioni i trenit Vlor\u00eb. <\/span><\/p>\n<p>[\/vc_column_text][vc_btn title=&#8221;REZERVO TANI&#8221; style=&#8221;custom&#8221; custom_background=&#8221;#233065&#8243; custom_text=&#8221;#ffffff&#8221; shape=&#8221;square&#8221; align=&#8221;center&#8221; css=&#8221;.vc_custom_1551112011652{margin-top: -20px !important;}&#8221; link=&#8221;url:https%3A%2F%2Fhotelcoral.al%2Findex.php%2Fcontact%2F|||&#8221;][vc_empty_space][\/vc_column][\/vc_row][vc_row][vc_column][vc_custom_heading text=&#8221;HOTELI M\u00cb I MIR\u00cb&#8221; font_container=&#8221;tag:h2|font_size:11|text_align:center&#8221; google_fonts=&#8221;font_family:Vollkorn%3Aregular%2Citalic%2C700%2C700italic|font_style:700%20bold%20regular%3A700%3Anormal&#8221;][vc_custom_heading text=&#8221;DHOMAT TONA&#8221; font_container=&#8221;tag:h2|text_align:center&#8221; google_fonts=&#8221;font_family:Vollkorn%3Aregular%2Citalic%2C700%2C700italic|font_style:400%20regular%3A400%3Anormal&#8221;][vc_single_image image=&#8221;275&#8243; img_size=&#8221;full&#8221; alignment=&#8221;center&#8221; image_hovers=&#8221;false&#8221; css=&#8221;.vc_custom_1550657595997{margin-top: -80px !important;}&#8221;][vc_row_inner gap=&#8221;20&#8243;][vc_column_inner width=&#8221;1\/3&#8243;]<div class=\"ult-content-box-container kuti\" >\t\t<div class=\"ult-content-box\" style=\"background-color:#ffffff;box-shadow: px px px px none;-webkit-transition: all 700ms ease;-moz-transition: all 700ms ease;-ms-transition: all 700ms ease;-o-transition: all 700ms ease;transition: all 700ms ease;\"  data-hover_box_shadow=\"none\"     data-bg=\"#ffffff\" >[vc_single_image image=&#8221;110&#8243; img_size=&#8221;full&#8221; alignment=&#8221;center&#8221;][vc_custom_heading text=&#8221;Dhom\u00eb Treshe&#8221; google_fonts=&#8221;font_family:Vollkorn%3Aregular%2Citalic%2C700%2C700italic|font_style:400%20regular%3A400%3Anormal&#8221; css=&#8221;.vc_custom_1551112042881{padding-left: 30px !important;}&#8221;][vc_custom_heading text=&#8221;Me Ballkon &amp; Pamje nga Deti&#8221; font_container=&#8221;tag:h3|text_align:left|color:%23233065&#8243; google_fonts=&#8221;font_family:Alex%20Brush%3Aregular|font_style:400%20regular%3A400%3Anormal&#8221; css=&#8221;.vc_custom_1551112051471{margin-top: -12px !important;padding-left: 30px !important;}&#8221;][vc_separator color=&#8221;custom&#8221; align=&#8221;align_left&#8221; border_width=&#8221;3&#8243; el_width=&#8221;30&#8243; accent_color=&#8221;#f0c419&#8243; css=&#8221;.vc_custom_1550658036373{padding-left: 40px !important;}&#8221;][vc_column_text css=&#8221;.vc_custom_1551112134404{margin-top: -20px !important;padding-right: 20px !important;padding-left: 40px !important;}&#8221;]<\/p>\n<p style=\"font-family: Vollkorn, serif; text-align: left;\"><span style=\"color: #2d2d2d;\">Dhoma treshe p\u00ebrmban nj\u00eb ballkon, kolltuk dhe televizor. Hotel Coral n\u00eb Vlor\u00eb i ofron turist\u00ebve dhoma t\u00eb mobiluara me kujdes, hapsir\u00eb dhe pamje relaksuese.<\/span><\/p>\n<p>[\/vc_column_text][vc_btn title=&#8221;Detaje&#8221; style=&#8221;custom&#8221; custom_background=&#8221;#233065&#8243; custom_text=&#8221;#ffffff&#8221; shape=&#8221;square&#8221; align=&#8221;left&#8221; css=&#8221;.vc_custom_1551112146954{margin-top: -20px !important;padding-left: 40px !important;}&#8221; link=&#8221;url:https%3A%2F%2Fhotelcoral.al%2Findex.php%2Ftriple-room-with-balcony-and-sea-view%2F|||&#8221;]\t\t<\/div><\/div>[\/vc_column_inner][vc_column_inner width=&#8221;1\/3&#8243;]<div class=\"ult-content-box-container kuti\" >\t\t<div class=\"ult-content-box\" style=\"background-color:#ffffff;box-shadow: px px px px none;-webkit-transition: all 700ms ease;-moz-transition: all 700ms ease;-ms-transition: all 700ms ease;-o-transition: all 700ms ease;transition: all 700ms ease;\"  data-hover_box_shadow=\"none\"     data-bg=\"#ffffff\" >[vc_single_image image=&#8221;98&#8243; img_size=&#8221;full&#8221; alignment=&#8221;center&#8221;][vc_custom_heading text=&#8221;Suite Junior&#8221; google_fonts=&#8221;font_family:Vollkorn%3Aregular%2Citalic%2C700%2C700italic|font_style:400%20regular%3A400%3Anormal&#8221; css=&#8221;.vc_custom_1551112153569{padding-left: 30px !important;}&#8221;][vc_custom_heading text=&#8221;Me Ballkon &amp; Pamje nga Deti&#8221; font_container=&#8221;tag:h3|text_align:left|color:%23233065&#8243; google_fonts=&#8221;font_family:Alex%20Brush%3Aregular|font_style:400%20regular%3A400%3Anormal&#8221; css=&#8221;.vc_custom_1551112161934{margin-top: -12px !important;padding-left: 30px !important;}&#8221;][vc_separator color=&#8221;custom&#8221; align=&#8221;align_left&#8221; border_width=&#8221;3&#8243; el_width=&#8221;30&#8243; accent_color=&#8221;#f0c419&#8243; css=&#8221;.vc_custom_1550658036373{padding-left: 40px !important;}&#8221;][vc_column_text css=&#8221;.vc_custom_1551112209067{margin-top: -20px !important;padding-right: 20px <\/p>\n<p>The essaywriter is a term, but one which has come to be pertinent to the composing career.  The word essaywriter actually comes in the writing of&#8221;escapist,&#8221; a product  which was manufactured from the Humble Essaymaker Corporation.  The authorities contained claims that they considered to be to be considered patriotic and eliminate it soon thereafter because it was regarded as too contentious.<\/p>\n<p> !important;padding-left: 40px !important;}&#8221;]<\/p>\n<p style=\"font-family: Vollkorn, serif; text-align: left;\"><span style=\"color: #2d2d2d;\">Suita p\u00ebrmban nj\u00eb ballkon, ambient q\u00ebndrimi dhe tualet spa. Hotel Coral n\u00eb Vlor\u00eb i ofron turist\u00ebve dhoma t\u00eb mobiluara me kujdes, hapsir\u00eb dhe pamje relaksuese.<\/span><\/p>\n<p>[\/vc_column_text][vc_btn title=&#8221;Detaje&#8221; style=&#8221;custom&#8221; custom_background=&#8221;#233065&#8243; custom_text=&#8221;#ffffff&#8221; shape=&#8221;square&#8221; align=&#8221;left&#8221; css=&#8221;.vc_custom_1551112214544{margin-top: -20px !important;padding-left: 40px !important;}&#8221; link=&#8221;url:https%3A%2F%2Fhotelcoral.al%2Findex.php%2Fjunior-suite-with-balcony-and-sea-view%2F|||&#8221;]\t\t<\/div><\/div>[\/vc_column_inner][vc_column_inner width=&#8221;1\/3&#8243;]<div class=\"ult-content-box-container kuti\" >\t\t<div class=\"ult-content-box\" style=\"background-color:#ffffff;box-shadow: px px px px none;-webkit-transition: all 700ms ease;-moz-transition: all 700ms ease;-ms-transition: all 700ms ease;-o-transition: all 700ms ease;transition: all 700ms ease;\"  data-hover_box_shadow=\"none\"     data-bg=\"#ffffff\" >[vc_single_image image=&#8221;130&#8243; img_size=&#8221;full&#8221; alignment=&#8221;center&#8221;][vc_custom_heading text=&#8221;Dhom\u00eb Familjare&#8221; google_fonts=&#8221;font_family:Vollkorn%3Aregular%2Citalic%2C700%2C700italic|font_style:400%20regular%3A400%3Anormal&#8221; css=&#8221;.vc_custom_1551112220628{padding-left: 30px !important;}&#8221;][vc_custom_heading text=&#8221;Me Ballkon &amp; Pamje nga Deti&#8221; font_container=&#8221;tag:h3|text_align:left|color:%23233065&#8243; google_fonts=&#8221;font_family:Alex%20Brush%3Aregular|font_style:400%20regular%3A400%3Anormal&#8221; css=&#8221;.vc_custom_1551112231934{margin-top: -12px !important;padding-left: 30px !important;}&#8221;][vc_separator color=&#8221;custom&#8221; align=&#8221;align_left&#8221; border_width=&#8221;3&#8243; el_width=&#8221;30&#8243; accent_color=&#8221;#f0c419&#8243; css=&#8221;.vc_custom_1550658036373{padding-left: 40px !important;}&#8221;][vc_column_text css=&#8221;.vc_custom_1551112358300{margin-top: -20px !important;padding-right: 20px !important;padding-left: 40px !important;}&#8221;]<\/p>\n<p style=\"font-family: Vollkorn, serif; text-align: left;\"><span style=\"color: #2d2d2d;\">Suita p\u00ebrmban nj\u00eb ballkon, sistem izolimi ndaj zhurmes. Hotel Coral n\u00eb Vlor\u00eb i ofron turist\u00ebve dhoma t\u00eb mobiluara me kujdes, hapsir\u00eb dhe pamje relaksuese.<\/span><\/p>\n<p>[\/vc_column_text][vc_btn title=&#8221;Detaje&#8221; style=&#8221;custom&#8221; custom_background=&#8221;#233065&#8243; custom_text=&#8221;#ffffff&#8221; shape=&#8221;square&#8221; align=&#8221;left&#8221; css=&#8221;.vc_custom_1551112318960{margin-top: -20px !important;padding-left: 40px !important;}&#8221; link=&#8221;url:https%3A%2F%2Fhotelcoral.al%2Findex.php%2Ffamily-room-with-balcony-and-sea-view%2F|||&#8221;]\t\t<\/div><\/div>[\/vc_column_inner][\/vc_row_inner][\/vc_column][\/vc_row][vc_row][vc_column][vc_empty_space][\/vc_column][\/vc_row][vc_row bg_type=&#8221;image&#8221; parallax_style=&#8221;vcpb-default&#8221; bg_image_new=&#8221;id^341|url^https:\/\/hotelcoral.al\/wp-content\/uploads\/2019\/02\/parallax-4.jpg|caption^null|alt^null|title^null|description^null&#8221; bg_image_repeat=&#8221;no-repeat&#8221; bg_img_attach=&#8221;fixed&#8221; bg_override=&#8221;ex-full&#8221; css=&#8221;.vc_custom_1550767884944{margin-bottom: -70px !important;}&#8221;][vc_column][vc_custom_heading text=&#8221;P\u00cbRSE NE&#8221; font_container=&#8221;tag:h2|font_size:11|text_align:center|color:%23ffffff&#8221; google_fonts=&#8221;font_family:Vollkorn%3Aregular%2Citalic%2C700%2C700italic|font_style:700%20bold%20regular%3A700%3Anormal&#8221;][vc_custom_heading text=&#8221;SH\u00cbRBIMET TONA&#8221; font_container=&#8221;tag:h2|text_align:center|color:%23ffffff&#8221; google_fonts=&#8221;font_family:Vollkorn%3Aregular%2Citalic%2C700%2C700italic|font_style:400%20regular%3A400%3Anormal&#8221;][vc_single_image image=&#8221;275&#8243; img_size=&#8221;full&#8221; alignment=&#8221;center&#8221; image_hovers=&#8221;false&#8221; css=&#8221;.vc_custom_1550657595997{margin-top: -80px !important;}&#8221;][vc_row_inner gap=&#8221;35&#8243;][vc_column_inner el_class=&#8221;kolon&#8221; width=&#8221;1\/4&#8243; css=&#8221;.vc_custom_1550670376453{border-top-width: 1px !important;border-right-width: 1px !important;border-bottom-width: 1px !important;border-left-width: 1px !important;border-left-color: #dddddd !important;border-left-style: solid !important;border-right-color: #dddddd !important;border-right-style: solid !important;border-top-color: #dddddd !important;border-top-style: solid !important;border-bottom-color: <\/p>\n<p>Even though you may believe that writing a school thesis is something that you get a  score and can perform in a day or 2 you&#8217;re may have a surprise. As soon as you buy essay which are available you can detect of quality that is bad and that they are plagiarized. Therefore, if you&#8217;re expected to compose a background essay, you&#8217;ve got to be clear about previous events. Your essay should adhere just what you&#8217;ve been asked for. There&#8217;s an variety of authors. Due to the higher workflow, they are able to reduce their estimates. Irrespective of your academic degree, our essay writers will supply services that are initial to you simply since they have knowledge in essay marketplace. Everything is possible as soon as you work with the ideal essay author. Our essay writers that are qualified will supply you with quality article review writings that will let you get.<\/p>\n<p> #dddddd !important;border-bottom-style: solid !important;}&#8221;][vc_single_image image=&#8221;342&#8243; img_size=&#8221;60X60&#8243; alignment=&#8221;center&#8221; image_hovers=&#8221;false&#8221;][vc_custom_heading text=&#8221;WiFi Falas&#8221; font_container=&#8221;tag:h3|text_align:center|color:%23ffffff&#8221; google_fonts=&#8221;font_family:Vollkorn%3Aregular%2Citalic%2C700%2C700italic|font_style:400%20regular%3A400%3Anormal&#8221;][\/vc_column_inner][vc_column_inner el_class=&#8221;kolon&#8221; width=&#8221;1\/4&#8243; css=&#8221;.vc_custom_1550670406406{border-top-width: 1px !important;border-right-width: 1px !important;border-bottom-width: 1px !important;border-left-width: 1px !important;border-left-color: #dddddd !important;border-left-style: solid !important;border-right-color: #dddddd !important;border-right-style: solid !important;border-top-color: #dddddd !important;border-top-style: solid !important;border-bottom-color: #dddddd !important;border-bottom-style: solid !important;}&#8221;][vc_single_image image=&#8221;343&#8243; img_size=&#8221;60X60&#8243; alignment=&#8221;center&#8221; image_hovers=&#8221;false&#8221;][vc_custom_heading text=&#8221;Restorant &amp; Bar&#8221; font_container=&#8221;tag:h3|text_align:center|color:%23ffffff&#8221; google_fonts=&#8221;font_family:Vollkorn%3Aregular%2Citalic%2C700%2C700italic|font_style:400%20regular%3A400%3Anormal&#8221;][\/vc_column_inner][vc_column_inner el_class=&#8221;kolon&#8221; width=&#8221;1\/4&#8243; css=&#8221;.vc_custom_1550670412652{border-top-width: 1px !important;border-right-width: 1px !important;border-bottom-width: 1px !important;border-left-width: 1px !important;border-left-color: #dddddd !important;border-left-style: solid !important;border-right-color: #dddddd !important;border-right-style: solid !important;border-top-color: #dddddd !important;border-top-style: solid !important;border-bottom-color: #dddddd !important;border-bottom-style: solid !important;}&#8221;][vc_single_image image=&#8221;345&#8243; img_size=&#8221;60X60&#8243; alignment=&#8221;center&#8221; image_hovers=&#8221;false&#8221;][vc_custom_heading text=&#8221;Pishin\u00eb&#8221; font_container=&#8221;tag:h3|text_align:center|color:%23ffffff&#8221; google_fonts=&#8221;font_family:Vollkorn%3Aregular%2Citalic%2C700%2C700italic|font_style:400%20regular%3A400%3Anormal&#8221;][\/vc_column_inner][vc_column_inner el_class=&#8221;kolon&#8221; width=&#8221;1\/4&#8243; css=&#8221;.vc_custom_1550670417604{border-top-width: 1px !important;border-right-width: 1px !important;border-bottom-width: 1px <\/p>\n<p>Is that the gun legislation at the District of Columbia are now changed.  It was an odd development, as the state legislature had only passed on a federal gun regulation to keep criminals from purchasing firearms in the federal level, however now the nation legislature has enacted its own own model of the law to prevent&#8221;gun violence&#8221; in DC.  It seems that the governor of DC is satisfied with this agreement because he&#8217;s presenting his service, also although it has never been noted in any mainstream press outlet yet, it has been noted with a wide variety  of independent sources.  These days, you can find two parts of legislation pending that are suggested by Jack Underwood (pioneer of this New Virginia Gun regulation Proposal) to further the right-wing debate that there are numerous&#8221;gun crimes&#8221; in the country&#8217;s capital &#8211; The Underwood Law Library and Gauss&#8217;s Law Sphere.<\/p>\n<p> !important;border-left-width: 1px !important;border-left-color: #dddddd !important;border-left-style: solid !important;border-right-color: #dddddd !important;border-right-style: solid !important;border-top-color: #dddddd !important;border-top-style: solid !important;border-bottom-color: #dddddd !important;border-bottom-style: solid !important;}&#8221;][vc_single_image image=&#8221;344&#8243; img_size=&#8221;60X60&#8243; alignment=&#8221;center&#8221; image_hovers=&#8221;false&#8221;][vc_custom_heading text=&#8221;Plazh Privat&#8221; font_container=&#8221;tag:h3|text_align:center|color:%23ffffff&#8221; google_fonts=&#8221;font_family:Vollkorn%3Aregular%2Citalic%2C700%2C700italic|font_style:400%20regular%3A400%3Anormal&#8221;][\/vc_column_inner][\/vc_row_inner][vc_empty_space height=&#8221;52px&#8221;][\/vc_column][\/vc_row]<br \/>\nOtra opci\u00f3n en recurrir a los pr\u00e9stamos r\u00e1pidos que acepten Asnef, sin embargo <a href=\"https:\/\/prestamoycredito.com\/\" target=\"_blank\">prestamoycredito<\/a> en Financer promovemos el pr\u00e9stamo responsable..<\/p>\n<\/div>","protected":false},"excerpt":{"rendered":"<p>[vc_row bg_type=&#8221;bg_color&#8221; bg_override=&#8221;ex-full&#8221; bg_color_value=&#8221;#f2f7fa&#8221; css=&#8221;.vc_custom_1550653785581{margin-top: -70px !important;}&#8221;][vc_column width=&#8221;1\/2&#8243; offset=&#8221;vc_hidden-sm vc_hidden-xs&#8221;][vc_empty_space][vc_single_image image=&#8221;251&#8243; img_size=&#8221;500X350&#8243; alignment=&#8221;center&#8221; image_hovers=&#8221;false&#8221;][\/vc_column][vc_column width=&#8221;1\/2&#8243; offset=&#8221;vc_hidden-sm vc_hidden-xs&#8221;][vc_empty_space][vc_custom_heading text=&#8221;HOTEL CORAL N\u00cb VLOR\u00cb&#8221; font_container=&#8221;tag:h2|font_size:11|text_align:left&#8221; google_fonts=&#8221;font_family:Vollkorn%3Aregular%2Citalic%2C700%2C700italic|font_style:700%20bold%20regular%3A700%3Anormal&#8221;][vc_row_inner][vc_column_inner width=&#8221;1\/2&#8243;][vc_custom_heading text=&#8221;Tradit\u00eb&#8221; font_container=&#8221;tag:h1|text_align:left&#8221; google_fonts=&#8221;font_family:Vollkorn%3Aregular%2Citalic%2C700%2C700italic|font_style:400%20regular%3A400%3Anormal&#8221;][\/vc_column_inner][vc_column_inner width=&#8221;1\/2&#8243; css=&#8221;.vc_custom_1550654857097{margin-left: -40px !important;}&#8221;][vc_custom_heading text=&#8221;&amp; Komfort&#8221; font_container=&#8221;tag:h1|font_size:65|text_align:left&#8221; google_fonts=&#8221;font_family:Alex%20Brush%3Aregular|font_style:400%20regular%3A400%3Anormal&#8221; css=&#8221;.vc_custom_1551111886116{margin-left: -70px !important;}&#8221;][\/vc_column_inner][\/vc_row_inner][vc_custom_heading text=&#8221;N\u00eb Nj\u00eb Vend&#8221; font_container=&#8221;tag:h1|text_align:left&#8221; google_fonts=&#8221;font_family:Vollkorn%3Aregular%2Citalic%2C700%2C700italic|font_style:400%20regular%3A400%3Anormal&#8221; css=&#8221;.vc_custom_1551111893079{margin-top: -80px !important;}&#8221;][vc_column_text css=&#8221;.vc_custom_1551111926957{padding-right: 60px !important;}&#8221;] Vendosur n\u00eb nj\u00eb plazh privat me&hellip;<\/p>\n","protected":false},"author":19,"featured_media":0,"parent":0,"menu_order":0,"comment_status":"closed","ping_status":"closed","template":"","meta":{"footnotes":""},"class_list":["post-348","page","type-page","status-publish","hentry","description-off"],"_links":{"self":[{"href":"https:\/\/hotelcoral.al\/index.php\/wp-json\/wp\/v2\/pages\/348","targetHints":{"allow":["GET"]}}],"collection":[{"href":"https:\/\/hotelcoral.al\/index.php\/wp-json\/wp\/v2\/pages"}],"about":[{"href":"https:\/\/hotelcoral.al\/index.php\/wp-json\/wp\/v2\/types\/page"}],"author":[{"embeddable":true,"href":"https:\/\/hotelcoral.al\/index.php\/wp-json\/wp\/v2\/users\/19"}],"replies":[{"embeddable":true,"href":"https:\/\/hotelcoral.al\/index.php\/wp-json\/wp\/v2\/comments?post=348"}],"version-history":[{"count":7,"href":"https:\/\/hotelcoral.al\/index.php\/wp-json\/wp\/v2\/pages\/348\/revisions"}],"predecessor-version":[{"id":4825,"href":"https:\/\/hotelcoral.al\/index.php\/wp-json\/wp\/v2\/pages\/348\/revisions\/4825"}],"wp:attachment":[{"href":"https:\/\/hotelcoral.al\/index.php\/wp-json\/wp\/v2\/media?parent=348"}],"curies":[{"name":"wp","href":"https:\/\/api.w.org\/{rel}","templated":true}]}}