{"id":375,"date":"2019-02-18T16:45:20","date_gmt":"2019-02-18T16:45:20","guid":{"rendered":"https:\/\/hotelcoral.al\/index.php\/restaurant\/"},"modified":"2019-02-25T17:02:22","modified_gmt":"2019-02-25T17:02:22","slug":"restaurant","status":"publish","type":"page","link":"https:\/\/hotelcoral.al\/index.php\/restaurant\/?lang=sq","title":{"rendered":"RESTORANT"},"content":{"rendered":"<div class=\"wpb-content-wrapper\"><p>[vc_row][vc_column width=&#8221;2\/3&#8243;][vc_empty_space height=&#8221;12px&#8221;][vc_custom_heading text=&#8221;Mir\u00ebsevini n\u00eb Restorantin Ton\u00eb&#8221; google_fonts=&#8221;font_family:Volkhov%3Aregular%2Citalic%2C700%2C700italic|font_style:400%20regular%3A400%3Anormal&#8221;][vc_custom_heading text=&#8221;Gatime tradicionale &amp; nd\u00ebrkomb\u00ebtare&#8221; font_container=&#8221;tag:h1|font_size:100|text_align:left|color:rgba(183%2C183%2C183%2C0.23)&#8221; google_fonts=&#8221;font_family:Alex%20Brush%3Aregular|font_style:400%20regular%3A400%3Anormal&#8221; css=&#8221;.vc_custom_1551113932036{margin-top: -25px !important;}&#8221;][vc_column_text css=&#8221;.vc_custom_1551114057998{padding-right: 40px !important;}&#8221;]<\/p>\n<p style=\"font-family: 'Vollkorn', serif; text-align: justify;\"><span style=\"color: #2d2d2d; font-size: 20px;\">N\u00eb restorantin ton\u00eb do t\u00eb gjeni nj\u00eb kombinim t\u00eb kuzhin\u00ebs mesdhetare dhe tradicionale. Stafi yn\u00eb profesional do t\u00eb ju sh\u00ebrbej\u00eb me profesionaliz\u00ebm dhe do t\u00eb ju ndihmoj\u00eb me cdo gj\u00eb. Mund t\u00eb shijoni gatimet tona t\u00eb shoq\u00ebruara me ver\u00ebn tuaj t\u00eb preferuar. P\u00ebr t\u00eb gjith\u00eb t\u00eb apasionuarit pak koktelieve do t\u00eb keni mund\u00ebsin\u00eb t\u00eb shijoni t\u00eb preferuarin tuaj teksa keni p\u00ebrball\u00eb detin.<\/span><\/p>\n<p>[\/vc_column_text][\/vc_column][vc_column width=&#8221;1\/3&#8243;][vc_single_image image=&#8221;307&#8243; img_size=&#8221;full&#8221; style=&#8221;vc_box_shadow&#8221;][\/vc_column][\/vc_row][vc_row][vc_column][vc_empty_space][\/vc_column][\/vc_row][vc_row bg_type=&#8221;bg_color&#8221; bg_override=&#8221;ex-full&#8221; bg_color_value=&#8221;#f2f7fa&#8221;][vc_column width=&#8221;1\/4&#8243;][vc_empty_space height=&#8221;12px&#8221;][vc_single_image image=&#8221;309&#8243; img_size=&#8221;40X40&#8243; alignment=&#8221;center&#8221; image_hovers=&#8221;false&#8221;][vc_custom_heading text=&#8221;INTERNACIONALE&#8221; font_container=&#8221;tag:h3|text_align:center&#8221; google_fonts=&#8221;font_family:Volkhov%3Aregular%2Citalic%2C700%2C700italic|font_style:400%20regular%3A400%3Anormal&#8221;][vc_empty_space height=&#8221;12px&#8221;][\/vc_column][vc_column width=&#8221;1\/4&#8243;][vc_empty_space height=&#8221;12px&#8221;][vc_single_image image=&#8221;310&#8243; img_size=&#8221;40X40&#8243; alignment=&#8221;center&#8221; image_hovers=&#8221;false&#8221;][vc_custom_heading text=&#8221;KOKTEIL&#8221; font_container=&#8221;tag:h3|text_align:center&#8221; google_fonts=&#8221;font_family:Volkhov%3Aregular%2Citalic%2C700%2C700italic|font_style:400%20regular%3A400%3Anormal&#8221;][vc_empty_space height=&#8221;12px&#8221;][\/vc_column][vc_column width=&#8221;1\/4&#8243;][vc_empty_space height=&#8221;12px&#8221;][vc_single_image image=&#8221;308&#8243; img_size=&#8221;40X40&#8243; alignment=&#8221;center&#8221; image_hovers=&#8221;false&#8221;][vc_custom_heading text=&#8221;BAR&#8221; font_container=&#8221;tag:h3|text_align:center&#8221; google_fonts=&#8221;font_family:Volkhov%3Aregular%2Citalic%2C700%2C700italic|font_style:400%20regular%3A400%3Anormal&#8221;][vc_empty_space height=&#8221;12px&#8221;][\/vc_column][vc_column width=&#8221;1\/4&#8243;][vc_empty_space height=&#8221;12px&#8221;][vc_single_image image=&#8221;252&#8243; img_size=&#8221;40X40&#8243; alignment=&#8221;center&#8221; image_hovers=&#8221;false&#8221;][vc_custom_heading text=&#8221;PAMJE NGA DETI&#8221; font_container=&#8221;tag:h3|text_align:center&#8221; google_fonts=&#8221;font_family:Volkhov%3Aregular%2Citalic%2C700%2C700italic|font_style:400%20regular%3A400%3Anormal&#8221;][vc_empty_space height=&#8221;12px&#8221;][\/vc_column][\/vc_row][vc_row bg_type=&#8221;image&#8221; parallax_style=&#8221;vcpb-default&#8221; bg_image_new=&#8221;id^311|url^https:\/\/hotelcoral.al\/wp-content\/uploads\/2019\/02\/parallax-restaurant.jpg|caption^null|alt^null|title^null|description^null&#8221; bg_image_repeat=&#8221;no-repeat&#8221; bg_img_attach=&#8221;fixed&#8221; bg_override=&#8221;ex-full&#8221; css=&#8221;.vc_custom_1550663161085{margin-bottom: -70px !important;}&#8221;][vc_column width=&#8221;2\/3&#8243;][vc_empty_space][vc_custom_heading text=&#8221;P\u00cbRSE NE&#8221; font_container=&#8221;tag:h2|font_size:11|text_align:left|color:%23ffffff&#8221; google_fonts=&#8221;font_family:Vollkorn%3Aregular%2Citalic%2C700%2C700italic|font_style:700%20bold%20regular%3A700%3Anormal&#8221;][vc_custom_heading text=&#8221;ZGJIDHNI TAVOLIN\u00cbN TUAJ T\u00cb PREFERUAR&#8221; font_container=&#8221;tag:h2|text_align:left|color:%23ffffff&#8221; google_fonts=&#8221;font_family:Vollkorn%3Aregular%2Citalic%2C700%2C700italic|font_style:400%20regular%3A400%3Anormal&#8221;][vc_custom_heading text=&#8221;Rezervo&#8221; font_container=&#8221;tag:h1|font_size:150|text_align:left|color:rgba(255%2C255%2C255%2C0.26)&#8221; google_fonts=&#8221;font_family:Alex%20Brush%3Aregular|font_style:400%20regular%3A400%3Anormal&#8221; css=&#8221;.vc_custom_1551114132295{margin-top: -40px !important;}&#8221;][vc_empty_space][\/vc_column][vc_column width=&#8221;1\/3&#8243;][vc_empty_space height=&#8221;82px&#8221;][vc_btn title=&#8221;REZERVO TANI&#8221; style=&#8221;custom&#8221; custom_background=&#8221;#233065&#8243; custom_text=&#8221;#ffffff&#8221; shape=&#8221;square&#8221; align=&#8221;left&#8221;][\/vc_column][\/vc_row]<\/p>\n<\/div>","protected":false},"excerpt":{"rendered":"<p>[vc_row][vc_column width=&#8221;2\/3&#8243;][vc_empty_space height=&#8221;12px&#8221;][vc_custom_heading text=&#8221;Mir\u00ebsevini n\u00eb Restorantin Ton\u00eb&#8221; google_fonts=&#8221;font_family:Volkhov%3Aregular%2Citalic%2C700%2C700italic|font_style:400%20regular%3A400%3Anormal&#8221;][vc_custom_heading text=&#8221;Gatime tradicionale &amp; nd\u00ebrkomb\u00ebtare&#8221; font_container=&#8221;tag:h1|font_size:100|text_align:left|color:rgba(183%2C183%2C183%2C0.23)&#8221; google_fonts=&#8221;font_family:Alex%20Brush%3Aregular|font_style:400%20regular%3A400%3Anormal&#8221; css=&#8221;.vc_custom_1551113932036{margin-top: -25px !important;}&#8221;][vc_column_text css=&#8221;.vc_custom_1551114057998{padding-right: 40px !important;}&#8221;] N\u00eb restorantin ton\u00eb do t\u00eb gjeni nj\u00eb kombinim t\u00eb kuzhin\u00ebs mesdhetare dhe tradicionale. Stafi yn\u00eb profesional do t\u00eb ju sh\u00ebrbej\u00eb me profesionaliz\u00ebm dhe do t\u00eb ju ndihmoj\u00eb me cdo gj\u00eb. Mund t\u00eb shijoni gatimet tona&hellip;<\/p>\n","protected":false},"author":19,"featured_media":0,"parent":0,"menu_order":0,"comment_status":"closed","ping_status":"closed","template":"","meta":{"footnotes":""},"class_list":["post-375","page","type-page","status-publish","hentry","description-off"],"_links":{"self":[{"href":"https:\/\/hotelcoral.al\/index.php\/wp-json\/wp\/v2\/pages\/375","targetHints":{"allow":["GET"]}}],"collection":[{"href":"https:\/\/hotelcoral.al\/index.php\/wp-json\/wp\/v2\/pages"}],"about":[{"href":"https:\/\/hotelcoral.al\/index.php\/wp-json\/wp\/v2\/types\/page"}],"author":[{"embeddable":true,"href":"https:\/\/hotelcoral.al\/index.php\/wp-json\/wp\/v2\/users\/19"}],"replies":[{"embeddable":true,"href":"https:\/\/hotelcoral.al\/index.php\/wp-json\/wp\/v2\/comments?post=375"}],"version-history":[{"count":2,"href":"https:\/\/hotelcoral.al\/index.php\/wp-json\/wp\/v2\/pages\/375\/revisions"}],"predecessor-version":[{"id":378,"href":"https:\/\/hotelcoral.al\/index.php\/wp-json\/wp\/v2\/pages\/375\/revisions\/378"}],"wp:attachment":[{"href":"https:\/\/hotelcoral.al\/index.php\/wp-json\/wp\/v2\/media?parent=375"}],"curies":[{"name":"wp","href":"https:\/\/api.w.org\/{rel}","templated":true}]}}